ose -2*g + 21 = h, -2*h = -3*g + g + 6. Let c(j) = -8*j - g*j + 6*j + 3*j**2 - 4*j**2 + 8. Let l be c(-8). Calculate the greatest common divisor of 3 and l.
3
Suppose 3 = -b, 6*b - b - 30 = 3*l. Let z be 2230/25 + (-12)/l. Suppose 0 = -4*w - w + z. What is the greatest common factor of w and 9?
9
Let k be 30/8 - -6*(-5)/(-120). What is the greatest common divisor of 8 and k?
4
Let b = 648 - 324. Suppose 108 = -2*d + b. What is the greatest common factor of 27 and d?
27
Let g(x) = -21*x**3 + x**2 - 4*x - 5. Let z be g(-1). Calculate the highest common divisor of z and 56.
7
Let t(g) = -g**3 - 15*g**2 + 16*g + 5. Let x be t(-16). Suppose 0*y - x*y = 15. Let v be 725/10 - y/(-6). What is the greatest common factor of 180 and v?
36
Suppose -1 = 6*p - 7*p. Let x be p/((-2)/(-6)) - -1. What is the greatest common divisor of 8 and x?
4
Let n = -3 - -3. Let i be (2/(-4) - n) + (-999)/(-18). Calculate the greatest common factor of i and 22.
11
Let a = -458 - -476. Calculate the highest common divisor of a and 26.
2
Let l = 115 - 17. Calculate the highest common divisor of l and 539.
49
Suppose -5*d + 4*t + 38 = t, -12 = -3*t. Calculate the greatest common divisor of d and 310.
10
Let m(c) be the second derivative of -c**3/6 - c**2/2 + c. Let i be m(-3). Suppose 71 = i*v - 9. What is the highest common divisor of 10 and v?
10
Let x be 3/2 + 6 + (-13)/2. Calculate the highest common divisor of 1 and x.
1
Let x = -1124 - -1169. Calculate the greatest common factor of x and 36.
9
Suppose 5*i + 4*n - 25 = 0, 5*i + 5*n - 10 = 10. Let h(o) = -o**3 + 9*o**2 + 12. Let f be h(i). Calculate the highest common divisor of f and 3.
3
Let r(i) = 17*i - 33. Let n be r(9). Calculate the greatest common divisor of 165 and n.
15
Suppose -14*s = -13*s + 28. Let x be (2 - 20/(-3)) + s/42. Calculate the highest common divisor of 8 and x.
8
Suppose 385 = -6*m + 1057. What is the highest common factor of m and 48?
16
Suppose -5*z - 12 = -7. Let q be z - 3/(9/(-12)). Let y(r) = 2*r**3 - 6*r**2 + 5*r + 1. Let o be y(q). Calculate the highest common divisor of o and 112.
16
Let o be (762/635)/(1/285). What is the greatest common divisor of o and 18?
18
Suppose 3*t = 6, 0*t + 448 = 4*a - 2*t. Let c = a - 33. Calculate the greatest common divisor of 10 and c.
10
Suppose -236*d + 235*d + 224 = 0. What is the greatest common divisor of d and 56?
56
Suppose 0 = 4*u - u - 198. Let p = 0 + u. Suppose -5*v + 13*v = 352. Calculate the greatest common factor of v and p.
22
Let w be (-10 - 0)*(-2 - 12/(-10)). Let c = -34 + 49. Suppose -c = v - 47. Calculate the highest common divisor of w and v.
8
Let w = -369 + 391. Calculate the greatest common divisor of w and 528.
22
Suppose 8*f - 14*f + 36 = 0. What is the greatest common divisor of f and 138?
6
Suppose -b - 2*b + 18 = 0. Let i be (-4)/(-18) + 32/18. Suppose z + 7 = i*q + 2*z, q + 5*z = -1. What is the highest common divisor of q and b?
2
Let d(v) = -2*v**2 - 53*v + 94. Let b be d(-28). Let x = -34 + 59. What is the highest common divisor of b and x?
5
Let f = -206 - -307. Let d = f + -63. What is the greatest common factor of 114 and d?
38
Let b = -45 - -127. Suppose -3*a + 0*a = 102. Let y = a + b. What is the greatest common divisor of y and 12?
12
Let z = 153 + -147. Calculate the highest common factor of 15 and z.
3
Suppose -69*m = -20*m - 20580. What is the highest common factor of m and 126?
42
Let j(c) = -11*c + 7. Let p be j(-1). Calculate the greatest common divisor of 8 and p.
2
Suppose z - 3*l = 82, 3*z + 5*l - 429 + 141 = 0. Let r be (-3 - -1 - -4)/(6/39). What is the highest common factor of z and r?
13
Let d(x) = 67*x - 128. Let m be d(2). What is the greatest common factor of 606 and m?
6
Let m = 883 - 868. What is the greatest common divisor of 435 and m?
15
Let k(r) = -7*r**2 - 77*r + 3. Let g be k(-11). Calculate the highest common divisor of 93 and g.
3
Let y be 4/(-4)*-3 + 1. Suppose 5*g - 69 = 2*g + 3*c, -3*g - y*c = -62. What is the highest common factor of g and 33?
11
Let d = -62 + 96. Let p = 46 + d. What is the greatest common factor of p and 16?
16
Suppose 525 = 2*n - 7*n. Let b = 332 + n. Suppose 6*w - b = 2*w + a, a - 221 = -4*w. Calculate the highest common factor of 8 and w.
8
Let m(y) = -y**3 - 10*y**2 + 94*y - 19. Let v be m(-16). Let d = 21 + 5. Calculate the highest common factor of d and v.
13
Let a be ((-4)/5)/((112/455)/(-8)). Let i = 0 + 5. Suppose i*g + 0*g - 325 = 0. What is the highest common divisor of a and g?
13
Suppose 0 = -4*w + 5*w - 13. Calculate the highest common divisor of 559 and w.
13
Let s = -19 - -28. Let n = -1575 - -1593. Calculate the highest common factor of s and n.
9
Let c = 0 - 2. Let z(p) = -25*p + 4. Let m be z(c). Let f = -30 + m. Calculate the greatest common divisor of 3 and f.
3
Let w be 1 + -6*4/(-6). Suppose m = 5*x + 13, 6*m + w*x - 5 = m. Suppose 0 = m*u - 4*u + 16. Calculate the highest common divisor of 2 and u.
2
Let f(h) = 2*h + 33. Let x(z) = 3*z + 64. Let s(l) = -7*f(l) + 4*x(l). Let q be s(5). Calculate the highest common divisor of 120 and q.
15
Suppose 3*z - 118 = d + 155, 0 = 5*d. Calculate the greatest common factor of 221 and z.
13
Let r be (-23140)/(-170) + -3*2/51. What is the greatest common factor of r and 204?
68
Suppose 23*k = 29*k - 798. Calculate the greatest common divisor of 361 and k.
19
Suppose 0 = -23*n + 300 + 367. What is the highest common factor of n and 1740?
29
Let n(q) = -16*q**2 + 11*q + 51. Let b(k) = 3*k**2 - 2*k - 10. Let r(g) = -11*b(g) - 2*n(g). Let h be r(0). Calculate the highest common factor of 40 and h.
8
Let z be 625/8 - 2/16. Let y be 13/z - (-83)/6. What is the highest common factor of y and 4?
2
Let t be ((-18)/12)/((-3)/10). Let s be 4/18 - 2465/(-45). What is the highest common factor of t and s?
5
Let u(s) = -s**3 - 2*s**2 - s. Let d be u(-2). Let w(l) = 9*l. Let n be w(2). What is the greatest common factor of n and d?
2
Let m(l) = -l**3 + 6*l**2 + 3*l + 4. Let b(d) = -d - 11. Let r be b(-16). Let q be m(r). Calculate the highest common factor of q and 11.
11
Suppose d = 4*i - 77, 84 = 3*i - d + 25. Let c be -44*(i/(-4) - -4). Let p = -19 + 41. Calculate the greatest common factor of p and c.
22
Let s = 902 - 884. What is the greatest common factor of s and 72?
18
Let v be 5*(16 + (-19 - -5)). Let f = 55 - -55. What is the highest common divisor of v and f?
10
Let a = -166 + 254. Let v = 3 - -5. Calculate the greatest common divisor of v and a.
8
Suppose 2*l = 2 + 2. Suppose b = g - 37, 2*g - 5*g + 126 = l*b. Calculate the highest common factor of g and 40.
40
Suppose 4*n = -l + 60, 2*l - 6*n + n = 94. What is the greatest common factor of 208 and l?
52
Let u(c) = -c**2 + 33*c - 126. Let z be u(7). Calculate the highest common factor of 140 and z.
28
Let o be 0/(-1 - 1) + -12 + 24. What is the highest common factor of o and 8?
4
Suppose 0*u - 180 = -3*u. What is the highest common factor of 60 and u?
60
Let h(j) = -3 - j + j**2 + 5 - 4*j. Let m be h(5). Let u be ((4 - m) + -35)*-3. What is the greatest common divisor of 11 and u?
11
Suppose h + h + 320 = 4*g, 5*g + 5*h = 400. Suppose -17*t - 10*t + 216 = 0. What is the highest common factor of t and g?
8
Let c be 5/(1/(-6)*-2). Let o(y) = -y + 2. Let x be o(-2). Suppose -2*u = -4*s - 266, u + 0*s - x*s = 131. What is the greatest common divisor of u and c?
15
Let c be (-68)/(-4)*4 + 0. Calculate the greatest common divisor of 17 and c.
17
Let v be (-1 - 2) + (-100)/(-20). Suppose -2*z - 3*z = -110. Calculate the highest common factor of z and v.
2
Suppose 12*q - 1020 = -3*q. Calculate the highest common divisor of q and 8.
4
Let b(m) = 2*m**2 + 62*m - 60. Let h be b(-33). Calculate the highest common divisor of 264 and h.
24
Let i(j) = 23*j - 100. Let t be i(23). Calculate the greatest common factor of 33 and t.
33
Let u = 35 + -21. Suppose u*q = 15*q - 10. What is the highest common factor of 80 and q?
10
Suppose 7*y - 1575 = -14*y. What is the greatest common divisor of y and 60?
15
Suppose -s + 5*g = s - 22, 88 = 4*s + g. Suppose -s*o + 24*o - 312 = 0. Calculate the highest common factor of 8 and o.
8
Let a be (0 - 8)*(-4)/((-32)/(-58)). Let r = a - 31. Calculate the highest common factor of r and 108.
27
Let z be (-3)/(3 + 76/(-24)). Let v = -10 + z. Ca